. Let f(w) be the third derivative of w**5/24 - 7*w**3/6 - 5*w**2. Let g(u) be the first derivative of f(u). What is g(r)?
10
Let a be 0 + 335/65 + (-2)/13. Suppose 35 = 5*c + p, 7*c + p - 11 = a*c. Suppose 8 = -c*h - 0. Let k(y) = -y - 1. Calculate k(h).
0
Let u(b) = -4*b**3 + 2*b**2 + b. Suppose -6 = n - 3*y, n - y - 6 = -2*y. Suppose -12 = 15*k + n. Give u(k).
5
Let l(q) be the second derivative of -q**4/12 + 5*q**3/6 + 3*q**2/2 + 2760*q. Give l(-4).
-33
Let h(j) be the first derivative of j**4/4 - j**3/3 - j**2/2 + 9*j + 1303. Give h(0).
9
Let k(b) = -4*b - 9. Let j(d) be the third derivative of d**4/3 + 3*d**3 + 62*d**2. Let l be ((-30)/(-12))/(10/8). Let x(z) = l*j(z) + 5*k(z). Calculate x(-6).
15
Let g(q) = q**3 - 4*q**2 - q + 6. Let m be g(4). Let u(n) = -3*n + n - n**3 + 4*n - 1 + n**m. Give u(1).
1
Let p be ((-86)/(-8))/(-9 + 245/28). Let b = p - -25. Let k(d) = -d**3 - 18*d**2 - 4. Give k(b).
-4
Let p(x) be the second derivative of 1/6*x**3 - 11/2*x**2 + 0 + 39*x. What is p(-8)?
-19
Let x(s) = 7*s**3 - 5*s**2 + 2*s + 22. Let d(z) = -15*z**3 + 12*z**2 - 3*z - 46. Let r(b) = 6*d(b) + 13*x(b). What is r(-7)?
-46
Let c = 12545 + -12540. Let q(r) = -r**2 + 14*r - 12. Determine q(c).
33
Let h(d) = -9*d - 10. Let n(o) = -7*o - 8. Let t(a) = -4*h(a) + 5*n(a). Let y = 0 - -6. Calculate t(y).
6
Let j be 1/6 - 0 - (-33)/(-198). Let u be j + (5 - 19) + 4. Let w(n) = -n - 4. Calculate w(u).
6
Let h(k) = -3 - 57 - 15*k + 7 + 19. Let a = 11 - -2. Let p(j) = 7*j + 17. Let w(v) = a*p(v) + 6*h(v). Determine w(0).
17
Let g = -246 - -268. Suppose -2*f = -4*q - g, -5*q = -0*q + 5*f + 35. Let u(p) = -2*p - 10. Calculate u(q).
2
Let r be ((7 - (12 + -1))*2/4)/(-1). Let l(v) be the third derivative of -3/8*v**4 + 3/2*v**3 + 0 + 0*v + 1/60*v**5 + 18*v**r. Determine l(7).
-5
Let h(p) be the first derivative of 2*p**2 + 4*p + 107. Determine h(5).
24
Let h(f) = 2*f - 11. Let u(b) = -b**2 - 35*b + 153. Let w be u(-39). What is h(w)?
-17
Let s(w) be the second derivative of -w**5/20 - w**4/3 + 7*w**3/6 + 6*w**2 + 7*w. Suppose 150 = -20*b + 50. What is s(b)?
2
Let q(t) = 13*t**3 + t + 1. Let l be q(-1). Let k(w) = -39 + 36*w - 6*w - 19*w + w**3 + 14*w**2 + 0*w**3 + 7. Give k(l).
-6
Let m be ((-6)/10)/(5/(-50)). Suppose 3 = m*o - o + 4*p, -2*o - 5*p + 8 = 0. Let z be (-3)/((-9)/12) + o + -3. Let x(d) = -d**3 + d + 8. Determine x(z).
8
Let w(y) = -3*y**3 + 46*y**2 - 46*y + 28. Let b(o) = -o**2 - 2*o + 6*o**2 + 2*o**2 - 13*o + 8*o**2 + 10 - o**3. Let m(c) = 7*b(c) - 2*w(c). What is m(12)?
2
Suppose -23 = -10*a + 7. Let j = 1 + a. Let u(g) = g**3 - 4*g**2 - 2*g. Give u(j).
-8
Let w(q) = -q + 21. Suppose -2*x + 5*t + 12 = 0, 3*x + 3*x + 2*t - 36 = 0. Determine w(x).
15
Suppose -2*c + z = -8, -5*c + 20 = -2*z + 1. Let j(l) = 2*l + c*l + 4*l + 2 - 15*l. Give j(2).
-10
Let u(a) = -a**3 + 2*a**2 - 1. Let o be (10/(-4) + 3)*2*1. Let w be (o/(-1))/(3/(2 + -113)). Let c = w + -36. Give u(c).
0
Let d(k) be the third derivative of -2*k**2 - 1/6*k**3 + 5/12*k**5 + 0*k**4 + 30 + 0*k. Give d(1).
24
Let g(v) = v**3 - 13*v**2 + 30*v - 7. Let p(a) = -138*a - 266. Let b be p(-2). Give g(b).
-7
Suppose 7*b + 14*b - 63 = 0. Suppose -3*f - 8 = -y, -21 = b*y - 7*y + f. Let h(v) = 3*v - 10. Give h(y).
5
Let y(j) = -21*j + 186855*j**2 - 186856*j**2 - 11*j - 23. What is y(-27)?
112
Let s(g) be the first derivative of g**2 - 9*g + 1. Let j(v) = v - 6. Let i(t) = 8*j(t) - 5*s(t). Suppose -222*c = 99*c + 642. What is i(c)?
1
Let s(d) be the first derivative of d**3/6 + d**2/2 - 36*d - 39. Let h(m) be the first derivative of s(m). What is h(-10)?
-9
Let c(d) = -d**2 + 2*d + 19. Let i(b) = b**2 - 5*b - 78. Suppose -25 = -2*s + 2*j - 29, -3*s = -2*j + 11. Let f be i(s). Give c(f).
-5
Let o(p) = 41*p**2 - 4*p + 3. Let c = -617 - -618. Calculate o(c).
40
Let n(o) = -o**2 - 4*o + 4. Suppose 0 = -m + y + 24 - 86, 2*m = 5*y - 139. Let w = -57 - m. Suppose -3*v = -g + 5 + 1, -3*g - 4*v + 5 = w. Determine n(g).
-17
Let z(s) = 27940*s - 4*s**2 + 27945*s + 10 - 55864*s. Calculate z(6).
-8
Suppose -12*g - 2*j + 227 = -17*g, 5*g - j + 221 = 0. Let c(q) = -q + 45. Let l be c(0). Let t = g + l. Let r(n) = -4*n**2 + 3*n - 2. Calculate r(t).
-12
Let i be (-1 + -3)/(-14 - -12). Let q(d) = -i - 14*d - 13*d + 26*d + d**2. Determine q(0).
-2
Let b(n) = 6 + 1 + 3*n + 4. Let g be -36 + (-392)/(-33 - -19). Calculate b(g).
-13
Suppose 340*m + 324 = 649 + 2395. Let t(d) = d**3 - 10*d**2 + 18*d - 16. What is t(m)?
0
Let h(o) be the second derivative of -o**5/20 + 11*o**4/12 - o**3/3 + 4*o**2 - 28*o + 295. Let r be (-2*1)/(4/(-22)). Calculate h(r).
-14
Let n(a) = -6*a - 6. Let u be n(-4). Suppose -3*i + 0 = -u. Let z(g) be the second derivative of -g**3/3 + 7*g**2/2 - 11167*g - 1. Calculate z(i).
-5
Let y(w) = 2*w - 3. Let i(f) = -f**3 + 9*f**2 - 11*f + 32. Let m(v) = -2*v**3 - 22*v**2 - v - 3. Let t be m(-11). Let s be i(t). What is y(s)?
13
Let t(a) be the second derivative of 13*a**3/6 + 19*a**2/2 - 63*a - 19. Give t(-6).
-59
Let k(h) = -3*h**3 + 2*h**2 - 7*h - 10. Let g(l) = -5*l**3 + 2*l**2 - 8*l - 11. Let n(m) = 2*g(m) - 3*k(m). Determine n(-2).
-2
Let c(u) = u**3 - 6*u**2 - 7*u + 34. Suppose 0 = 48*g + 608 - 896. Calculate c(g).
-8
Let f(b) = -b**3 - 8*b**2 - 4*b - 114. Let t be f(-9). Let x(v) = t*v**2 - 2*v**2 - 3*v + 0*v - 4*v + 6*v - 4. Give x(7).
38
Let w(f) = -f**2 + 17*f + 43. Let z be w(18). Let v(t) = 1 - 22*t - z*t + 4 + 45*t. Determine v(-6).
17
Let p(y) = 1. Let l(k) = -k + 9. Suppose 4*v + 35 = -g + 4*g, 4*v = 5*g - 45. Let d(w) = g*p(w) - l(w). Calculate d(-2).
-6
Let f(a) = -54*a - 1300. Let y be f(-24). Let q(n) = n**3 + 2*n**2 + 10*n + 9. Let j(b) = -b**3 - 3*b**2 - 9*b - 8. Let p(o) = -3*j(o) - 2*q(o). Give p(y).
-6
Suppose -3*j - 2*d - 3 = 2*d, 5*d + 1 = -j. Let x(i) = -i**2 - 8*i - 19. Let o(a) = 5. Let b(s) = j*x(s) - 2*o(s). Give b(-7).
2
Let r(o) = 2*o**2 + o. Let k = 3198 + -3200. Let m(p) = p**2 - p - 1. Suppose 4*i + 2 - 10 = 0. Let z(g) = i*r(g) + k*m(g). What is z(-2)?
2
Let t be (-21 + 0)/(24/16). Let r(x) be the third derivative of x**6/120 + 13*x**5/60 - 5*x**4/8 - 8*x**3/3 - 2*x**2 - 768*x - 2. What is r(t)?
-2
Let k be ((-160)/32)/((-2)/2). Let a(y) = 2 + 2*y - 4*y + 0*y + 0*y. What is a(k)?
-8
Let z(s) be the first derivative of -5/3*s**3 + 2*s**2 + 6*s - 1/4*s**4 + 37. What is z(-5)?
-14
Let b be ((-12)/(-3) + (-9)/(-81)*-34)*27. Let n(c) = c**3 - 5*c**2 + 3. Determine n(b).
39
Let c(k) = 25*k**2 + 28*k - 64. Let a(o) = -29*o**2 - 29*o + 63. Let t(b) = -6*a(b) - 7*c(b). What is t(-24)?
22
Suppose 5*h - 4*q - 29 = 25, -30 = -3*h + 3*q. Suppose -90 = -29*j + h*j. Let k(d) = -d**3 + 6*d**2 + 3*d - 5. Calculate k(j).
13
Let r(a) = a**3 + 5*a**2 - 2*a - 2. Suppose 0 = p - 7 + 9. Let w be (5 - 0)*1/(-2)*p. Let d be -5*w/(5/1). Calculate r(d).
8
Let n(a) = -14 - 1180306*a + 43 + 1180301*a. Determine n(10).
-21
Suppose -12*i = 68 + 4. Let d be 3/i*(32 - -4)/2. Let j = 10 + d. Let f(w) = 7*w**2 - w. Give f(j).
6
Let j(o) be the first derivative of o**3/3 + o**2/2 - 2*o + 1. Let a(t) = -t**3 + 15*t**2 - 11*t - 42. Suppose -g = 33 - 47. Let s be a(g). What is j(s)?
-2
Let k = -12652 + 12655. Let s(b) be the second derivative of 3*b**2 - 9*b + 0 - 1/20*b**5 + 2/3*b**k + 5/12*b**4. Give s(6).
-6
Let a(m) be the first derivative of 23*m**4/12 + m**2/2 + 43*m + 88. Let i(w) be the first derivative of a(w). Calculate i(-1).
24
Suppose 2*x + 3*y = -5, -5*x - 4*y + 18 = 20. Let p(t) = 21*t**2 - 11*t + 1. Determine p(x).
63
Suppose 0 = -2*n - 0*n + 30. Let m = n - 20. Let c(i) be the third derivative of -i**5/60 - i**4/6 - i**3/6 - 47*i**2. Determine c(m).
-6
Let b(d) = -8*d - 82. Suppose m = -10 - 2. Let z be b(m). Let a(f) = -3 + 10*f - 1 - 9*f - 4. Give a(z).
6
Let y(d) = -d**2 + 25*d + 162. Let j be 11 + 18/2 + -25. Calculate y(j).
12
Let u(q) = 6*q**2 - 3948 + 3823 + 14*q - q**2 - 4*q**2. What is u(7)?
22
Let f be (-78 + 72)*56/63*6/(-8). Let p(j) = 0*j - 2*j - 1 + 5*j. Let y(x) = -3*x + 2. Let u(c) = f*p(c) + 5*y(c). Determine u(-6).
24
Suppose 2*s + p = -51 + 81, 3*p + 108 = 5*s. Let f(j) = j - 1. Give f(s).
17
Let o(s) = 4*s**3 + 16*s**2 - 9*s + 4. Let a(z) = 13*z**3 + 55*z**2 - 28*z + 13. Let b(t) = 3*a(t) - 10*o(t). Calculate b(6).
-1
Let l(s) = s**2 + 11*s + 1. Let h = -3422 - -3411.